 digit of 115912038?
1
What is the hundred millions digit of 1766704172?
7
What is the millions digit of 53632321?
3
What is the hundreds digit of 291215197?
1
What is the hundred thousands digit of 522655?
5
What is the hundreds digit of 1528726522?
5
What is the units digit of 15660885?
5
What is the tens digit of 521836318?
1
What is the hundreds digit of 93087221?
2
What is the millions digit of 19410851?
9
What is the hundred thousands digit of 1395166288?
1
What is the units digit of 32249641?
1
What is the thousands digit of 481001649?
1
What is the millions digit of 213081220?
3
What is the millions digit of 1293792356?
3
What is the hundred thousands digit of 150733378?
7
What is the tens digit of 1949048083?
8
What is the hundreds digit of 25974446?
4
What is the ten thousands digit of 1140569?
4
What is the hundred millions digit of 2408379714?
4
What is the millions digit of 2706157432?
6
What is the thousands digit of 551110748?
0
What is the hundred millions digit of 514516803?
5
What is the hundreds digit of 82871987?
9
What is the ten millions digit of 91150399?
9
What is the units digit of 730624083?
3
What is the ten thousands digit of 51489703?
8
What is the thousands digit of 87128860?
8
What is the hundred thousands digit of 2065644?
0
What is the hundred thousands digit of 82878351?
8
What is the millions digit of 2382687080?
2
What is the units digit of 1167974?
4
What is the hundred thousands digit of 506440259?
4
What is the thousands digit of 118806112?
6
What is the tens digit of 197482854?
5
What is the ten millions digit of 45211714?
4
What is the units digit of 4426781671?
1
What is the hundreds digit of 28535802?
8
What is the millions digit of 205310071?
5
What is the units digit of 300415931?
1
What is the millions digit of 20976374?
0
What is the hundreds digit of 87393871?
8
What is the hundreds digit of 841087766?
7
What is the hundreds digit of 121604039?
0
What is the thousands digit of 83173437?
3
What is the units digit of 3290624627?
7
What is the thousands digit of 6337562?
7
What is the millions digit of 225035673?
5
What is the ten thousands digit of 37443462?
4
What is the hundreds digit of 851915471?
4
What is the thousands digit of 1352472913?
2
What is the ten thousands digit of 107593345?
9
What is the thousands digit of 1835210529?
0
What is the millions digit of 119671346?
9
What is the hundreds digit of 530686664?
6
What is the hundreds digit of 1161098186?
1
What is the millions digit of 876562997?
6
What is the ten thousands digit of 47578736?
7
What is the units digit of 1534335307?
7
What is the hundred thousands digit of 21499955?
4
What is the hundreds digit of 1399576706?
7
What is the billions digit of 3503646417?
3
What is the thousands digit of 25464050?
4
What is the ten millions digit of 534346634?
3
What is the ten thousands digit of 14354001?
5
What is the ten thousands digit of 403943232?
4
What is the hundred thousands digit of 89945327?
9
What is the hundreds digit of 17420899?
8
What is the millions digit of 155391701?
5
What is the ten millions digit of 59580427?
5
What is the tens digit of 70077869?
6
What is the hundred thousands digit of 39745086?
7
What is the ten thousands digit of 64706077?
0
What is the thousands digit of 1486659263?
9
What is the millions digit of 22111798?
2
What is the tens digit of 2862656?
5
What is the hundred thousands digit of 2157938015?
9
What is the hundred thousands digit of 13437537?
4
What is the ten thousands digit of 472645908?
4
What is the ten millions digit of 5790562211?
9
What is the millions digit of 33228510?
3
What is the billions digit of 1405993967?
1
What is the thousands digit of 71666808?
6
What is the hundred millions digit of 1593624646?
5
What is the units digit of 47546551?
1
What is the ten thousands digit of 3060778323?
7
What is the ten thousands digit of 22223595?
2
What is the hundred thousands digit of 43751738?
7
What is the ten millions digit of 41435461?
4
What is the millions digit of 54335584?
4
What is the hundreds digit of 112928941?
9
What is the hundreds digit of 3389435563?
5
What is the hundred millions digit of 483446637?
4
What is the ten thousands digit of 1475869521?
6
What is the hundred thousands digit of 126081514?
0
What is the hundreds digit of 147740718?
7
What is the hundreds digit of 4018137205?
2
What is the millions digit of 956985579?
6
What is the hundreds digit of 144366712?
7
What is the ten thousands digit of 32920483?
2
What is the tens digit of 69572794?
9
What is the millions digit of 825926868?
5
What is the ten millions digit of 90541262?
9
What is the ten millions digit of 990900737?
9
What is the hundred millions digit of 900277825?
9
What is the thousands digit of 4162390305?
0
What is the hundred thousands digit of 90107824?
1
What is the units digit of 143139415?
5
What is the thousands digit of 22652631?
2
What is the millions digit of 656001391?
6
What is the tens digit of 493084571?
7
What is the tens digit of 411818645?
4
What is the hundred thousands digit of 1982172254?
1
What is the units digit of 52168858?
8
What is the units digit of 404314750?
0
What is the thousands digit of 135732202?
2
What is the ten millions digit of 38997365?
3
What is the hundreds digit of 286207567?
5
What is the hundred millions digit of 4932422689?
9
What is the thousands digit of 471127006?
7
What is the thousands digit of 125725568?
5
What is the units digit of 202131721?
1
What is the hundred thousands digit of 146317048?
3
What is the hundreds digit of 384752599?
5
What is the units digit of 2761474587?
7
What is the ten thousands digit of 4686519398?
1
What is the thousands digit of 26431562?
1
What is the units digit of 55688422?
2
What is the ten millions digit of 76852127?
7
What is the hundreds digit of 315862422?
4
What is the hundred thousands digit of 303720457?
7
What is the millions digit of 57134312?
7
What is the units digit of 18865241?
1
What is the units digit of 325549365?
5
What is the millions digit of 12144124?
2
What is the hundred thousands digit of 453448704?
4
What is the hundred thousands digit of 75195843?
1
What is the ten thousands digit of 4179122860?
2
What is the hundred millions digit of 206433451?
2
What is the hundred thousands digit of 818708494?
7
What is the millions digit of 10791852?
0
What is the thousands digit of 85838435?
8
What is the hundred thousands digit of 525896628?
8
What is the hundred thousands digit of 58124776?
1
What is the ten millions digit of 1451731702?
5
What is the millions digit of 54952419?
4
What is the hundred millions digit of 130228644?
1
What is the thousands digit of 97364633?
4
What is the tens digit of 2276035?
3
What is the thousands digit of 475699671?
9
What is the units digit of 51311867?
7
What is the ten millions digit of 1805280023?
0
What is the tens digit of 1370514501?
0
What is the hundreds digit of 36023520?
5
What is the tens digit of 327076243?
4
What is the hundred thousands digit of 1753727455?
7
What is the ten thousands digit of 48907167?
0
What is the thousands digit of 72229346?
9
What is the hundred millions digit of 103539540?
1
What is the millions digit of 1984024885?
4
What is the millions digit of 4726740517?
6
What is the hundred millions digit of 445513700?
4
What is the tens digit of 101177372?
7
What is the ten millions digit of 134683716?
3
What is the hundred thousands digit of 2519472406?
4
What is the hundred thousands digit of 1050329517?
3
What is the tens digit of 295313630?
3
What is the tens digit of 39344148?
4
What is the hundreds digit of 1989347516?
5
What is the thousands digit of 10206619?
6
What is the ten millions digit of 88637133?
8
What is the ten thousands digit of 55922415?
2
What is the ten millions digit of 1634104395?
3
What is the hundreds digit of 263481711?
7
What is the ten thousands digit of 374119761?
1
What is the hundred millions digit of 308783941?
3
What is the ten millions digit of 78089762?
7
What is the tens digit of 409905064?
6
What is the tens digit of 370239584?
8
What is the hundreds digit of 330440353?
3
What is the hundred millions digit of 2910095467?
9
What is the hundreds digit of 5107463190?
1
What is the thousands digit of 223687